v**2 + 19*v + 34. Determine s(-14).
-36
Let d(s) = -s**2 + 3*s + 5. Calculate d(-2).
-5
Let v(j) = j**2 + 5*j - 3. What is v(-5)?
-3
Let w(m) = -9*m - 4. What is w(-2)?
14
Let f(y) = -28*y**2 + 5*y - 5. Calculate f(1).
-28
Let w(b) = -b**2 - 14*b - 40. Calculate w(-10).
0
Let j(c) = c**3 - 8*c**2 + 9. Give j(8).
9
Let u(y) = 6*y**2 + 3*y + 9. Give u(4).
117
Let g(l) = -l + 3. Give g(4).
-1
Let l(y) = 3*y + 18. Determine l(-8).
-6
Let l(w) = -w**2 + 9*w - 14. What is l(6)?
4
Let z(d) = -d - 13. What is z(2)?
-15
Let k(z) = -z**2 - 9*z + 12. Give k(-12).
-24
Let j(n) = -n**3 - 22*n**2 + 23*n - 19. What is j(-23)?
-19
Let r(o) = -o**3 + 8*o**2 - o + 7. Give r(8).
-1
Let x(g) = g**3 - 6*g**2 - 7*g + 2. Calculate x(7).
2
Let p(r) = -4*r - 57. What is p(-22)?
31
Let v(s) = 3*s - 13. Determine v(3).
-4
Let i(t) = -t - 10. Give i(-12).
2
Let z(j) = -2*j - 44. Calculate z(19).
-82
Let u(g) = g**3 + 40*g**2 - 83*g + 25. Calculate u(-42).
-17
Let h(b) = b + 20. What is h(-7)?
13
Let l(k) = k**2 + 3. Give l(-4).
19
Let w(h) = -14*h + 99. Calculate w(7).
1
Let c(j) = -40*j**2 + 1. Determine c(-1).
-39
Let w(i) = -21*i**2 + 116*i - 3. Give w(6).
-63
Let x(u) = -2*u + 33. What is x(-38)?
109
Let p(i) = -24*i + 107. Determine p(4).
11
Let p(h) = 9*h**2 + 2. Determine p(-1).
11
Let r(m) = -m**3 - 10*m**2 - 9*m + 20. Determine r(-10).
110
Let m(u) = -66*u - 68. Calculate m(-1).
-2
Let j(s) = -4*s**2 - 65*s - 21. What is j(-12)?
183
Let f(b) = -4*b**2 - 22*b - 9. Calculate f(-3).
21
Let l(x) = -6*x - 188. Give l(-41).
58
Let v(m) = 3*m - 5. Give v(-7).
-26
Let h(c) = c**3 - 5*c**2 + 2*c + 15. Determine h(5).
25
Let p(c) = -2*c**3 - 9*c**2 + 18*c + 3. What is p(-6)?
3
Let u(r) = r**2 - 11*r + 14. Calculate u(9).
-4
Let p(r) = -6*r + 285. Determine p(46).
9
Let f(k) = 2*k**2 + 61*k + 146. What is f(-28)?
6
Let u(d) = -d**3 - 5*d**2 - 2*d - 1. Give u(-4).
-9
Let l(t) = -94*t + 5. Determine l(0).
5
Let o(w) = 11*w + 11. What is o(2)?
33
Let r(c) = c**3 + 13*c**2 + 12*c + 7. Calculate r(-12).
7
Let p(i) = -i**2 - 15*i - 9. Determine p(-15).
-9
Let x(c) = c**3 + 12*c**2 + c + 8. Calculate x(-12).
-4
Let i(o) = -40*o**2 - 1. Give i(1).
-41
Let b(r) = r**2 - 7. Determine b(0).
-7
Let j(z) = z**3 - z**2 + z - 3. Give j(0).
-3
Let v(w) = -w**2 - 25*w - 27. Calculate v(-16).
117
Let s(v) = -v**2 + 3*v + 5. Calculate s(0).
5
Let k(q) = 17*q - 68. What is k(4)?
0
Let q(n) = n**3 + 4*n**2 - 32*n - 1. Calculate q(-8).
-1
Let x(j) = -37*j. What is x(-1)?
37
Let r(c) = c - 4. Give r(3).
-1
Let y(p) = p**2 + 12*p - 39. Give y(-16).
25
Let w(f) = f**3 - 19*f**2 - 47. Calculate w(19).
-47
Let x(s) = s**2 + 9*s - 190. Determine x(-19).
0
Let d(i) = 60*i - 715. Give d(12).
5
Let t(r) = r**3 - 2*r + 13. Determine t(0).
13
Let o(h) = -h**3 - h**2 - 4. Calculate o(0).
-4
Let i(f) = -f**2 - 14*f + 56. What is i(-17)?
5
Let j(r) = r - 101. Determine j(33).
-68
Let r(q) = -80*q + 250. What is r(3)?
10
Let l(z) = 3*z + 17. What is l(-9)?
-10
Let b(s) = -31*s - 189. Calculate b(-6).
-3
Let p(b) = 2*b**3 - 26*b**2 - 4*b + 23. Calculate p(13).
-29
Let b(d) = d**3 + 4*d**2 - 5*d - 12. Give b(-5).
-12
Let f(z) = -z + 54. Calculate f(0).
54
Let l(t) = 20*t + 50. Calculate l(-3).
-10
Let n(g) = -g**2 + 9*g + 6. Calculate n(10).
-4
Let f(d) = 10*d + 15. What is f(-10)?
-85
Let b(p) = 4*p**2 - 6*p. Give b(3).
18
Let n(g) = -2*g**3 + 5*g**2 + 2*g - 1. What is n(3)?
-4
Let i(g) = -2*g**3 - 41*g**2 + 24*g + 71. Calculate i(-21).
8
Let y(g) = -146*g - 289. Give y(-2).
3
Let w(a) = 4*a + 2. Give w(-8).
-30
Let h(w) = -w**2 + 17*w + 85. Calculate h(21).
1
Let r(a) = -a**3 + 23*a**2 - 59*a - 22. Calculate r(20).
-2
Let y(l) = -3*l**2 - 7*l - 12. Give y(-6).
-78
Let m(i) = -2*i - 26. Calculate m(-6).
-14
Let i(z) = z**3 + 21*z**2 + 45*z + 127. Calculate i(-19).
-6
Let j(i) = -i**2 - 19*i - 36. Give j(-17).
-2
Let j(w) = -7*w**3 - 2*w**2 - w. Calculate j(-1).
6
Let r(c) = -2*c + 5. Calculate r(-2).
9
Let p(g) = g**3 + 9*g**2 + 16*g - 1. What is p(-6)?
11
Let p(l) = -l - 20. Determine p(9).
-29
Let f(a) = 7*a + 34. Calculate f(-10).
-36
Let g(w) = -w**2 + 25*w + 25. Calculate g(22).
91
Let a(t) = 21*t - 49. What is a(2)?
-7
Let x(l) = -l**2 + 36*l + 9. Determine x(0).
9
Let m(i) = -2*i - 11. Determine m(11).
-33
Let k(u) = u**3 + 14*u**2 + u + 4. Give k(-14).
-10
Let d(p) = -p**2 - p - 22. Calculate d(0).
-22
Let v(u) = -u**2 + 13*u - 11. What is v(12)?
1
Let b(u) = u**3 + 8*u**2 - 12*u - 3. Give b(-9).
24
Let t(l) = l**2 + 2*l - 11. Give t(0).
-11
Let o(z) = z**3 + 8*z**2 + 6*z - 3. Give o(-7).
4
Let c(w) = 2*w**2 + 4*w + 4. Give c(-3).
10
Let p(f) = f**3 - 6*f**2 - 5*f - 3. Calculate p(7).
11
Let m(k) = k**2 - 38*k + 100. Determine m(35).
-5
Let f(w) = -w**2 - 9*w + 28. Give f(-12).
-8
Let y(j) = 10*j - 487. Give y(48).
-7
Let d(r) = -13*r + 243. Calculate d(19).
-4
Let u(w) = -w**3 - 8*w**2 + 2*w + 3. What is u(-8)?
-13
Let x(z) = z - 1. Calculate x(-1).
-2
Let y(f) = -f**3 - 3*f**2 + 4*f - 72. Determine y(-6).
12
Let g(d) = d**3 + 5*d**2 - d + 5. Give g(-6).
-25
Let u(q) = 30*q**2 - 3*q - 4. Give u(-1).
29
Let x(r) = -3*r**3 + 3*r - 3. Determine x(2).
-21
Let w(d) = -d**3 + 13*d**2 + 2*d + 2. Calculate w(13).
28
Let y(o) = -o + 1. Determine y(-9).
10
Let k(z) = 2*z**2 - 27*z - 9. What is k(14)?
5
Let o(t) = t**3 - 4*t**2 + 3*t - 4. Calculate o(4).
8
Let u(y) = y**3 + 7*y**2 - 12*y - 18. What is u(-9)?
-72
Let q(s) = 93*s - 3. Determine q(-1).
-96
Let j(t) = t**3 - 2*t**2 - 6. What is j(3)?
3
Let g(x) = -3*x**3 + 4*x**2 + 6*x + 1. What is g(-2)?
29
Let d(h) = 2*h**3 + 10*h**2 + 4*h - 5. Calculate d(-6).
-101
Let d(h) = -h**3 - 8*h**2 + 10*h + 1. Calculate d(-9).
-8
Let g(h) = 9*h - 54. What is g(-5)?
-99
Let l(j) = -2*j - 2. Calculate l(-2).
2
Let q(w) = -13*w**2 - 36*w + 3. Give q(-3).
-6
Let y(x) = 3*x - 6. Calculate y(4).
6
Let y(r) = -2*r**3 + 21*r**2 + 14*r - 36. Calculate y(11).
-3
Let f(k) = -9*k + 140. Calculate f(14).
14
Let y(b) = 15*b + 135. Determine y(-8).
15
Let a(q) = 15*q + 28. Give a(-3).
-17
Let x(r) = -5*r**2 - 3*r - 2. Give x(2).
-28
Let n(h) = -h**3 + 5*h**2 + 8. Determine n(5).
8
Let r(s) = s - 8. Give r(0).
-8
Let c(g) = 11*g**2 - 54*g - 7. Calculate c(5).
-2
Let a(c) = -c**2 + 15*c + 2107. Give a(-39).
1
Let t(g) = -5*g**2 - 44*g + 9. Determine t(-9).
0
Let v(y) = -41*y - 126. Calculate v(-3).
-3
Let x(u) = 14*u + 638. Give x(-46).
-6
Let p(x) = x**3 + 4*x**2 + 5*x + 3. Give p(-4).
-17
Let y(g) = -2*g**2 + g. Determine y(2).
-6
Let z(o) = -o**2 - 12*o + 18. Calculate z(-13).
5
Let r(t) = t**2 - 7*t + 41. Give r(7).
41
Let n(b) = -4*b**2 - 25*b - 24. What is n(-1)?
-3
Let p(y) = -y**2 + 4*y + 6. Calculate p(6).
-6
Let w(r) = -10*r + 225. Determine w(25).
-25
Let c(w) = -2*w - 2. Give c(-7).
12
Let d(v) = -v**2 + v + 16. What is d(0)?
16
Let q(t) = -t**3 + 9*t**2 - 10*t + 18. Calculate q(8).
2
Let v(s) = s**3 - 2*s**2 - s - 18. What is v(4)?
10
Let f(u) = -2*u**3 - 29*u**2 - 19*u - 50. What is f(-14)?
20
Let o(c) = 4*c - 2. What is o(-4)?
-18
Let a(m) = 3*m - 10. Determine a(4).
2
Let m(y) = -y**3 - 14*y**2 - 3*y + 20. What is m(-14)?
62
Let f(o) = -o**3 - 13*o**2 - 15*o + 12. Calculate f(-11).
-65
Let p(l) = -l**2 + 25*l - 45. Give p(21).
39
Let o(h) = h**3 + 9*h**2 - 14*h - 40. Calculate o(-10).
0
Let i(t) = 4*t**2 + 73*t + 4. Calculate i(-18).
-14
Let p(w) = w + 2. Determine p(-15).
-13
Let m(t) = t**3 - 13*t**2 + t - 9. What is m(13)?
4
Let c(v) = -v**2 - 18*v - 52. Determine c(-15).
-7
Let u(c) = c**3 - 4*c**2 + 3. Calculate u(4).
3
Let a(z) = -3*z - 63. What is a(-23)?
6
Let d(a) = -15*a + 80. Determine d(6).
-10
Let w(k) = k**3 + 36. Calculate w(0).
36
Let j(d) = 2*d - 8. What is j(1)?
-6
Let d(m) = 33*m + 78. Calculate d(-5).
-87
Let v(y) = y**2 - 13*y - 14. What is v(12)?
-26
Let s(l) = -35*l + 23. Calculate s(3).
-82
Let r(s) = s**3 + s**2 + s - 12. Give r(0).
-12
Let a(z) = 25*z - 147. Calculate a(6).
3
Let w(y) = 2*y**3 + 6*y**2 + 7*y + 11. Calculate w(-4).
-49
Let g(o) = 8*o**2 - 1. Give g(-1).
7
Let u(r) = -2*r**2 - 22*r - 20. Give u(-10).
0
Let r(o) = -4*o**3 + o**2. What is r(1)?
-3
Let b(c) = 6*c + 116. What is b(-24)?
-28
Let z(d) = -46*d. Determine z(-2).
92
Let q(n) = 2*n**3 - n**2 - 6*n - 3. Determine q(3).
24
Let p(m) = m**3 + 3*m**2 + 5*m. What is p(-4)?
-3